hat is the highest common factor of n and 310?
62
Let l be 3*(-1 - 0) + 8. Suppose 0 = 2*y + 4*p - 56, 3 + 93 = l*y - p. What is the highest common factor of 4 and y?
4
Let r = -24 - -56. Suppose -2*x - 2*x + 8 = 4*w, -x + 5*w = -r. Calculate the greatest common divisor of 63 and x.
7
Let h be 2 + 4/(-6 - -2). What is the greatest common factor of h and 5?
1
Suppose 0*u = -5*u. Let j be (-26 + u)/((-6)/15). Calculate the greatest common factor of 26 and j.
13
Let a = 13 - 9. What is the greatest common factor of 6 and a?
2
Let r be (-2)/((-7)/((-231)/(-6))). Suppose -r - 110 = -x. Calculate the highest common divisor of 11 and x.
11
Let o be 57/9 - (-1)/(9/6). Calculate the greatest common divisor of o and 49.
7
Let s(h) = -h**3 + h**2 - 1. Suppose 3*w = 4*w + 1. Let q be s(w). Let o = 4 - q. Calculate the highest common factor of o and 1.
1
Let d(z) = 2*z**2 - 12. Let l be d(-6). Calculate the greatest common divisor of 84 and l.
12
Suppose -3*k - 8 = -k. Let y be 7/((-1 + -1)/k). Calculate the highest common divisor of y and 140.
14
Let g = -5 - -3. Let f be (g + -3)/(-1 - -2). Let z be -1 + 16/(-3 - f). What is the greatest common divisor of z and 56?
7
Let w = -16 + 20. Calculate the highest common divisor of 12 and w.
4
Suppose -90 = -3*s - 3*b, 5*s - 3*b - 110 = 2*b. What is the greatest common factor of 13 and s?
13
Let i(h) = -h**3 + 7*h**2 + 11*h - 13. Let d be i(8). Calculate the greatest common divisor of 22 and d.
11
Let u be (8/(-5) + 2)*5. Let x be (-935)/(-45) - u/(-9). Let v be (18/(-1))/(x/(-14)). Calculate the highest common divisor of v and 12.
12
Let h(n) = n + 1. Let k be h(5). Let j be (-2)/6 + 182/k. What is the highest common factor of 6 and j?
6
Suppose -5*u - 21 = 4, -2*x + 131 = u. Let y = -20 + x. Calculate the highest common divisor of y and 32.
16
Let q(l) = 3*l**3 - 8*l**2 + 12*l - 4. Let x be q(4). Calculate the greatest common factor of x and 12.
12
Let g be (7 + -3)*(-7)/4. Let f be (-16)/g + (-4)/14. Suppose -216 = -6*b + f*b. Calculate the highest common divisor of b and 6.
6
Let t be 22 - (1 - (3 - 0)). What is the greatest common factor of 60 and t?
12
Let t = 266 - 35. Suppose j + 0*j - 21 = 0. What is the greatest common factor of j and t?
21
Suppose w = -0*w - 5*b + 31, -2*w - b + 26 = 0. Let f = -7 - -25. Suppose 2*y + 4*m = f, m + 12 = 4*y + 3*m. What is the greatest common factor of w and y?
1
Suppose 3*c + 351 = 3*t - 2*c, -5*t - 5*c = -585. Calculate the highest common factor of 26 and t.
13
Let z = 86 - 59. Suppose -2*w + 2 = m - 5, 0 = 2*m + 3*w - 13. Let t be ((-12)/(-10))/(m/75). What is the highest common divisor of t and z?
9
Let o = 69 + -38. What is the highest common divisor of o and 279?
31
Suppose 20 + 4 = 2*o. Let n(p) = p**2 - 11*p - 42. Let z be n(17). What is the highest common divisor of o and z?
12
Let k(b) = 72*b + 1. Let a be k(1). Let q = -29 + a. What is the greatest common factor of 11 and q?
11
Let t(z) = z**3 - z**2 - 2. Let o be t(2). Suppose -30 = -o*n - n. Calculate the greatest common divisor of 2 and n.
2
Let a = -13 + 17. Suppose a*u = -10 + 106. Calculate the greatest common factor of 3 and u.
3
Let c be (13 + 2)/((-4)/(-8)). Calculate the greatest common divisor of c and 6.
6
Suppose -5*w + 23 = n, -2*n - 16 = -6*n - w. What is the highest common divisor of n and 9?
3
Suppose -3*d - 21 = -2*t - t, d + 1 = -2*t. Suppose 0 = 2*q - 2, q = -t*k + k + 30. Suppose -f + 1 = -k. What is the greatest common divisor of 6 and f?
6
Suppose 79 = 4*f + m, 2*m - 41 = -f + 6*m. Let x be (1/2)/(3/504). Calculate the greatest common divisor of f and x.
21
Let a(q) = 3*q**2 + 3*q - 4. Let o be a(-2). What is the highest common divisor of 22 and o?
2
Suppose 0 = -8*a + 3*a. Suppose -3*t - 62 + 179 = a. Let o be (-26)/8*4*-2. What is the highest common divisor of o and t?
13
Suppose r + r = -6. Let z = 5 + r. Let t be (-106)/(-6) + (-1)/(-3). What is the highest common divisor of z and t?
2
Let d(z) be the second derivative of z**4/12 - 3*z**3/2 + 13*z**2/2 - 4*z. Let q be d(9). Calculate the greatest common divisor of q and 13.
13
Suppose 0*v = -2*v + 210. Let z(p) = -43*p**3 - p**2. Let w be z(-1). Calculate the greatest common factor of v and w.
21
Suppose 3*k - 7*k + 144 = 0. Let i be (1 - 5)*7/(-7). Calculate the highest common factor of i and k.
4
Let g = 4 + -3. Let q(h) = 12*h**2 - h + 1. Let r be q(g). Let d = 183 + -87. Calculate the highest common divisor of d and r.
12
Let w(a) = 4*a + 4. Let p be w(4). Let y be (-84)/4 - (3 - 0). Let o be (y/16)/((-3)/20). What is the highest common factor of o and p?
10
Let p = 94 - 60. Calculate the highest common divisor of p and 34.
34
Suppose 0 = 3*c - 12. Let w(s) = c*s - 6*s + 3*s + 8. Let u be w(-5). What is the highest common factor of 18 and u?
3
Let i(v) = 2*v**3 - 15*v**2 - 8*v + 17. Let h be i(8). Let u(p) = -4*p**3 - 3*p**2 + 4*p - 5. Let c be u(-4). What is the greatest common factor of c and h?
17
Let w be 34/8 + (-9)/36. Calculate the highest common divisor of w and 3.
1
Suppose 0 = -2*r + l + 343, 3*r + 3*l = -2*r + 841. Calculate the greatest common factor of r and 10.
10
Let q be -4 + 9 - 3 - -4. What is the greatest common factor of 12 and q?
6
Suppose 0 = 7*p - 14*p + 252. Calculate the highest common factor of 9 and p.
9
Let z be (-14)/63 + 580/18. Suppose q + z = 3*p, 2*p + p + 5*q = 56. Suppose -4*l = p, 5*a - 96 - 6 = -l. What is the highest common factor of 42 and a?
21
Suppose -2*h + b + 573 = 0, -4 = -5*b + 1. What is the greatest common factor of h and 41?
41
Let d(w) = -2*w**3 + w**2 - 2*w. Let c be d(-3). Suppose c = 3*i + 15. Calculate the greatest common factor of i and 3.
3
Let u be 4/(-26) + 3968/104. Calculate the greatest common factor of u and 57.
19
Let j(f) = 4*f + 1 + f - f + f**2. Let g be j(-4). What is the highest common divisor of g and 3?
1
Suppose 3*d = 263 - 74. Let x(a) = 2*a**2 + 1. Let n be x(2). Calculate the highest common divisor of d and n.
9
Suppose 5 = -5*d - 5*s, 5*d + 0*s = 5*s + 45. Suppose 4 = -d*b - 0*b. Let t be ((-6)/(-9))/(b/(-3)). What is the highest common divisor of t and 1?
1
Suppose 0 = h + 4*b - 5, -4*h = -0*h - 2*b - 2. Suppose 2*p + 1 = -h, 5*x - 4*p - 104 = 0. Calculate the highest common divisor of x and 5.
5
Let b be ((-5)/((-10)/76))/2. What is the greatest common factor of 19 and b?
19
Let h be -1*(3 - (-4)/(-1)). Let u be (-24)/((-39)/30 + h). Calculate the greatest common factor of 32 and u.
16
Let j be (5 - -1)*(-6)/(-4). What is the greatest common factor of j and 36?
9
Let t(y) = 2*y - 9. Let n be t(5). What is the highest common divisor of 9 and n?
1
Suppose 5*l - 7 = -97. Let v be (9/(l/16))/(-1). Let b(o) = -4*o**3 - 4*o**2 - 4*o - 4. Let a be b(-3). Calculate the highest common factor of v and a.
8
Let j = 25 - 18. Calculate the highest common factor of 14 and j.
7
Let s(b) = b**3 - 16*b**2 - 36*b + 50. Let w be s(18). Let y be (-2 - -2 - 2) + 127. What is the greatest common divisor of w and y?
25
Let g be 1/(-3)*(10 - 46). What is the greatest common divisor of g and 12?
12
Let y = 3 + 11. What is the highest common factor of y and 14?
14
Let y(o) = -o + 5. Let n be y(9). Let m be n/(-6) - (-25)/3. What is the highest common divisor of 45 and m?
9
Let y(u) = u - 5. Let x be y(20). What is the greatest common divisor of 60 and x?
15
Let y(i) = -6*i - 12. Let p be y(-12). Calculate the highest common divisor of 30 and p.
30
Let d(s) = 9*s**2 - 2*s. Let k be d(-2). Let i be (-80)/(-50)*k/2. Calculate the highest common factor of 4 and i.
4
Let s = 266 + -179. Calculate the greatest common divisor of 29 and s.
29
Let l = -35 + 41. Suppose -2*n = 3*n. Suppose n = 3*q - 9. What is the greatest common divisor of q and l?
3
Let o be 1*18/4*2. Suppose -51 - 12 = -x. What is the greatest common factor of o and x?
9
Let b = -13 - -17. Suppose -b*l = 4*g - 60, 4*g + 3*l = 2*g + 35. What is the greatest common factor of g and 5?
5
Let u be (6 - -1 - 2)/1. Calculate the greatest common divisor of u and 5.
5
Suppose -c = 3*u + 2*u - 15, 0 = 4*u + 2*c - 6. Suppose u*q + 0*q = 72. Let i = 15 + 12. Calculate the highest common divisor of q and i.
9
Let u(h) = 4*h**2 + 9*h - 70. Let n be u(-6). Suppose 6*f - 2*f - 12 = 0. Let s = f - -5. What is the greatest common f